+ -212120?
-211122
In base 2, what is -10100000110001 + -110?
-10100000110111
In base 15, what is -60237 - -5?
-60232
In base 5, what is -100 - -12423224?
12423124
In base 2, what is 100110 + 11100000100?
11100101010
In base 14, what is -162983 + 5?
-16297c
In base 3, what is -120 - -1020210111?
1020202221
In base 3, what is -1210 - 1?
-1211
In base 11, what is 2212a - -2?
22131
In base 11, what is 2958a + 66?
29645
In base 15, what is -3 + 1ec36?
1ec33
In base 12, what is -5 + -18020a?
-180213
In base 16, what is 235e + 0?
235e
In base 15, what is -2687 + -d6?
-276d
In base 12, what is 6547 - -27?
6572
In base 4, what is -12333 + -12003?
-31002
In base 5, what is -202232 - 4?
-202241
In base 11, what is -23938 - 8?
-23945
In base 8, what is 421 + 6537?
7160
In base 9, what is 366 + -1718?
-1342
In base 3, what is 111 - 102022021010?
-102022020122
In base 11, what is 5 - -34483?
34488
In base 12, what is 4 + -6802?
-67ba
In base 2, what is -101 - 1010110100001100?
-1010110100010001
In base 4, what is -100013103 - -11?
-100013032
In base 2, what is 100 - 101000011011000?
-101000011010100
In base 3, what is 122202122 + -21?
122202101
In base 6, what is -11102 - 154?
-11300
In base 16, what is -838 + -3e?
-876
In base 5, what is -312401424 - 10?
-312401434
In base 14, what is b444 - -5?
b449
In base 4, what is -323 + 2221013?
2220030
In base 11, what is 281a - -56?
2875
In base 6, what is -251 - 252?
-543
In base 15, what is -3 + 33bb5?
33bb2
In base 10, what is 206686 + -1?
206685
In base 12, what is -83 + 6b?
-14
In base 2, what is -100000100000101100 + -101?
-100000100000110001
In base 9, what is 27 + 8523?
8551
In base 16, what is -b2 + 325?
273
In base 7, what is -3643 - 5?
-3651
In base 8, what is -231616 - 3?
-231621
In base 3, what is -100011002 - 21?
-100011100
In base 9, what is -40 + -1171?
-1221
In base 12, what is 2 + -14890?
-1488a
In base 3, what is -121100201111 + -21?
-121100201202
In base 9, what is 127 - -847?
1075
In base 15, what is -2 - 34ac8?
-34aca
In base 7, what is -54666 - -33?
-54633
In base 11, what is 19 - -537?
555
In base 4, what is 211220122 - 13?
211220103
In base 13, what is -172b + -13?
-1741
In base 5, what is 3 + -1333021?
-1333013
In base 13, what is 0 + -39970?
-39970
In base 7, what is 61 + -33?
25
In base 7, what is -5 - 1662?
-2000
In base 8, what is 7 + 51050?
51057
In base 12, what is -16a + -2177?
-2325
In base 3, what is 2211020 - 1021?
2202222
In base 16, what is 20f + -146?
c9
In base 16, what is 60786 - 5?
60781
In base 8, what is -1 - 156445?
-156446
In base 5, what is -3 - 223403?
-223411
In base 12, what is 108 - -1272?
137a
In base 8, what is 14 + 7473?
7507
In base 6, what is 3 + 11042305?
11042312
In base 11, what is 5 + 83007?
83011
In base 11, what is 114 - 38a48?
-38934
In base 2, what is -110 + -1001000000100?
-1001000001010
In base 5, what is 41421 - 121?
41300
In base 14, what is -216d - 1?
-2170
In base 11, what is 56748 + 20?
56768
In base 14, what is -2 + bcc4?
bcc2
In base 4, what is 3323230 - -213?
3330103
In base 14, what is -a - -27b?
271
In base 7, what is 4 + 204054?
204061
In base 7, what is 16 - 126?
-110
In base 11, what is 5 - 37250?
-37246
In base 6, what is 1 - -410354?
410355
In base 16, what is 63 + 572?
5d5
In base 5, what is 103211024 + -10?
103211014
In base 2, what is -101111 + -10101011110111100?
-10101011111101011
In base 4, what is -3113 - 211?
-3330
In base 3, what is 11 + 1012120222?
1012121010
In base 15, what is 2805 - 2?
2803
In base 6, what is -1 + 425414?
425413
In base 16, what is 1 - fe60?
-fe5f
In base 2, what is 100 - -110000010010101?
110000010011001
In base 15, what is 23 - bc4?
-ba1
In base 10, what is 1 - 13355?
-13354
In base 13, what is -2bbb + -2?
-2bc0
In base 2, what is -101100001 - 10010010?
-111110011
In base 12, what is 38b4 + 8?
3900
In base 14, what is -c081a - -5?
-c0815
In base 13, what is -1b3 + 3506?
3323
In base 3, what is 11 + -20110210?
-20110122
In base 13, what is -a43 - -43?
-a00
In base 7, what is 5 + 101633?
101641
In base 6, what is 1340555 + -11?
1340544
In base 13, what is -106cb7 - -4?
-106cb3
In base 5, what is -104104 + -30?
-104134
In base 8, what is 142502 + 0?
142502
In base 10, what is -220 + -2243?
-2463
In base 10, what is -965223 + -1?
-965224
In base 10, what is 0 - 298477?
-298477
In base 12, what is 5a46 - 0?
5a46
In base 10, what is 1203 + 66?
1269
In base 16, what is 5 + 1e03e?
1e043
In base 2, what is -100001110 - -110000011?
1110101
In base 5, what is -44214 - 1012?
-100231
In base 2, what is -11 + -11101000011100110?
-11101000011101001
In base 9, what is 24 + -3247?
-3223
In base 8, what is 2 + 715533?
715535
In base 6, what is 14 - -3231?
3245
In base 4, what is -10323 + 31222?
20233
In base 3, what is 100 + -101212021?
-101211221
In base 4, what is 10310333130 + -10?
10310333120
In base 4, what is 212221131 - -2?
212221133
In base 5, what is 10 + 134024212?
134024222
In base 11, what is 92 + -a4?
-12
In base 8, what is 17 + 54666?
54705
In base 8, what is -2 - -12151?
12147
In base 14, what is 0 - -cca?
cca
In base 11, what is -1 + -44a5?
-44a6
In base 14, what is -cb + 5b?
-70
In base 6, what is 1 + 240541?
240542
In base 7, what is -600 + -4500?
-5400
In base 13, what is -c77a4 - 2?
-c77a6
In base 4, what is 3320012 - 3?
3320003
In base 15, what is 1aa60 + -1?
1aa5e
In base 9, what is 1057 - 17?
1040
In base 5, what is 324440 + -414?
324021
In base 14, what is ca - -260?
34a
In base 14, what is 8dc + -48?
894
In base 2, what is 11001111101 - 10000?
11001101101
In base 2, what is -1010011001000 + 11011001?
-1001111101111
In base 3, what is 201 - 1201102200?
-1201101222
In base 12, what is -852 + 64a?
-204
In base 14, what is -469c - 1?
-469d
In base 3, what is -101222111 - -2202?
-101212202
In base 8, what is 4700216 - 0?
4700216
In base 15, what is -911 + -6b?
-97c
In base 2, what is -111100000010 + -110?
-111100001000
In base 9, what is 1752336 + -1?
1752335
In base 9, what is 23558 + -12?
23546
In base 7, what is 1 + -11613?
-11612
In base 10, what is 63120 - -1?
63121
In base 6, what is 111 + 3144?
3255
In base 3, what is 1201020 + 1011200?
2212220
In base 2, what is -1000110 + -1001100100?
-1010101010
In base 8, what is -2 + 56275?
56273
In base 14, what is 1c01dc - 4?
1c01d8
In base 3, what is -222000022 + 10?
-222000012
In base 15, what is -661 + 28?
-638
In base 5, what is 11342224 - 0?
11342224
In base 8, what is -21 + -44563?
-44604
In base 8, what is 2 + -2051036?
-2051034
In base 2, what is 0 - -1001111110111?
1001111110111
In base 11, what is -36 - 1385?
-1410
In base 12, what is -2b476 - 2?
-2b478
In base 9, what is -8733 + -61?
-8804
In base 3, what is -12000 + 12200220?
12111220
In base 11, what is -1509a2 - -1?
-1509a1
In base 8, what is -6 - -1145226?
1145220
In base 10, what is -41732 - -5?
-41727
In base 6, what is 532 + 24?
1000
In base 14, what is 916d + -3?
916a
In base 9, what is -1 - -7283?
7282
In base 2, what is 1001000001010011111 - 10?
1001000001010011101
In base 12, what is 2 - 163062?
-163060
In base 15, what is b2 - 22b?
-169
In base 14, what is 14 + 1530?
1544
In base 11, what is 2a33 + 35?
2a68
In base 4, what is 0 + 1102120?
1102120
In base 14, what is 8 + 4d18?
4d22
In base 2, what is 101110000110 - 11110?
101101101000
In base 2, what is 1101001000010011 - -1?
1101001000010100
In base 3, what is 222002022 + 10?
222002102
In base 8, what is 131 + -55?
54
In base 4, what is 2112 + -102101?
-33323
In base 6, what is 2 + -33430223?
-33430221
In base 3, what is -201021 + -21120?
-222211
In base 11, what is -6a - 5051?
-5110
In base 4, what is -131331 + -201?
-132132
In base 2, what is -11 + -11100111001101?
-11100111010000
In base 2, what is 111000100010110 - 1?
111000100010101
In base 14, what is 1c - -506?
524
In base 8, what is -5 - 6405?
-6412
In base 12, what is -10 - -1456?
1446
In base 3, what is -1222022201 + -10?
-1222022211
In base 8, what is -1044 + -1121?
-2165
In base 10, what is -2 + -500972?
-500974
In base 8, what is 1 - -712103?
712104
In base 7, what is -1 - -6651236?
6651235
In base 2, what is -10111000000011 - 100?
-10111000000111
In base 16, what is -275 + 72?
-203
In base 6, what is -10114 + 155?
-5515
In base 5, what is -21413403 - 0?
-21413403